ff?
-93b
In base 2, what is -101101000111011000101 - 10?
-101101000111011000111
In base 12, what is b4924 - -4b4?
b5218
In base 2, what is -100111110101100110 - 100010?
-100111110110001000
In base 9, what is 5 - -256476052?
256476057
In base 3, what is 22 - 12210021122?
-12210021100
In base 8, what is 35 + 330016?
330053
In base 15, what is 14a + -35a80?
-35935
In base 7, what is 6251412220 - 3?
6251412214
In base 13, what is -36 - -42a82?
42a49
In base 6, what is -2045155255 - -4?
-2045155251
In base 7, what is 3153535 - 35?
3153500
In base 16, what is 2 - -14e97?
14e99
In base 15, what is 0 + 42a8c0?
42a8c0
In base 5, what is 31 + -4130004311?
-4130004230
In base 15, what is -66a3b9 + -7?
-66a3c1
In base 13, what is -ba - -76a2?
75b5
In base 5, what is 123032 + 343024?
1021111
In base 16, what is -3 - 2897f3b?
-2897f3e
In base 10, what is 27 - -4033786?
4033813
In base 9, what is -22402 + -18?
-22421
In base 5, what is -24114301 + 431?
-24113320
In base 16, what is 0 - -321c621?
321c621
In base 15, what is -47 - -2967b?
29634
In base 8, what is -1 - -102765730?
102765727
In base 7, what is -532235044 + 2?
-532235042
In base 12, what is 2b411 + -563?
2aa6a
In base 8, what is -174532 - -10744?
-163566
In base 8, what is -1532404032 - -5?
-1532404025
In base 9, what is 2 + 23821788?
23821801
In base 11, what is -296938a - 5?
-2969394
In base 4, what is -1 + 3330100002?
3330100001
In base 8, what is -63 + 54107?
54024
In base 11, what is 4 - -275a4502?
275a4506
In base 5, what is 121 - 140023342?
-140023221
In base 8, what is 4530346 - 5?
4530341
In base 9, what is -175122 + 625?
-174386
In base 14, what is 22bdc0a6 + -1?
22bdc0a5
In base 15, what is 1a4 + -1d2d9?
-1d135
In base 16, what is 5 - -7bef45?
7bef4a
In base 10, what is 5764 + 535?
6299
In base 11, what is -2871 - -3500?
73a
In base 12, what is -53246b + a9?
-532382
In base 3, what is 11120110221212 + 10?
11120110221222
In base 3, what is 100110200220 - -111?
100110201101
In base 6, what is -30 + 331530121?
331530051
In base 12, what is 91343108 - 5?
91343103
In base 7, what is 1 - -22360646?
22360650
In base 16, what is 1863 + 10c9?
292c
In base 5, what is -403100 - 12343?
-420443
In base 16, what is 642 + d6dd?
dd1f
In base 7, what is 13413203116 + -1?
13413203115
In base 15, what is 1e10 - -2e16?
4d26
In base 2, what is 111101101111101100011011 - 1100?
111101101111101100001111
In base 15, what is d + 3b2065?
3b2073
In base 6, what is 1354111545 + -1?
1354111544
In base 11, what is -35934 + 61?
-35883
In base 13, what is -14c23 - -2a3?
-14950
In base 7, what is 2 + 1006231?
1006233
In base 11, what is -9 - 36227a?
-362288
In base 11, what is -34 - -28718?
28694
In base 12, what is 183 - -1863?
1a26
In base 12, what is 182 - -123b747?
123b909
In base 15, what is -9b9b2 - 1b4?
-9bb76
In base 8, what is 3 + -534416051?
-534416046
In base 6, what is 5 + -253544424?
-253544415
In base 12, what is -2484b2 + -69a?
-248b90
In base 9, what is -3 + 242288?
242285
In base 15, what is -b37 + -7134?
-7c6b
In base 7, what is 266 - 44543?
-44244
In base 5, what is -243 + 1000022434?
1000022141
In base 7, what is -306434 - -4115?
-302316
In base 3, what is -202 - -2201120212?
2201120010
In base 3, what is 101 - 2101210111212?
-2101210111111
In base 9, what is -32 - -255268?
255236
In base 2, what is 10001101111000001110001110 - -101?
10001101111000001110010011
In base 14, what is 93bc28 + -32?
93bbd6
In base 8, what is -163173051 + 5?
-163173044
In base 16, what is -11de83 - 5e?
-11dee1
In base 5, what is -113402443 - -342?
-113402101
In base 8, what is -157 - -11552?
11373
In base 15, what is -831182 - -1e?
-831163
In base 8, what is -51243 + 7654?
-41367
In base 6, what is -2 - -15450433325?
15450433323
In base 11, what is -1aa3a24 - 8?
-1aa3a31
In base 4, what is -1010331 - -13301302?
12230311
In base 3, what is 211101011110220 + -1?
211101011110212
In base 8, what is 33067 - -1363?
34452
In base 6, what is -52 - -1413142?
1413050
In base 11, what is -3 + 121868?
121865
In base 11, what is 28243 - 445?
278a9
In base 13, what is 7 + -55594a1?
-5559497
In base 8, what is -2 - 13434155?
-13434157
In base 7, what is 14 - -16166231?
16166245
In base 8, what is -3 + -141627330?
-141627333
In base 2, what is -100000011111110001001100 + -10?
-100000011111110001001110
In base 6, what is 1525241105 - 3?
1525241102
In base 11, what is -1 - -124285a?
1242859
In base 3, what is 120202 + 220201212022?
220202110001
In base 5, what is 202003200242 - -14?
202003200311
In base 9, what is -260130 + -3220?
-263350
In base 4, what is 2210303110201 - -1?
2210303110202
In base 10, what is 91295710 + 1?
91295711
In base 9, what is -3 - -837676?
837673
In base 10, what is 4 + 1629245?
1629249
In base 8, what is 251771 - 7313?
242456
In base 9, what is -2105 - -12667?
10562
In base 16, what is 1b + 7ba40?
7ba5b
In base 5, what is 11 + 440422113?
440422124
In base 2, what is 10111001110 - -110010110000?
1001001111110
In base 11, what is -21028 - a8?
-21125
In base 14, what is -4 - 1725228?
-172522c
In base 13, what is 661445 + 74?
6614b9
In base 7, what is 5 + -462230232?
-462230224
In base 10, what is 17889815 - 22?
17889793
In base 12, what is -4 + -132ab42?
-132ab46
In base 16, what is 2 + 1eaaae3?
1eaaae5
In base 16, what is -8fc09 + 12d?
-8fadc
In base 6, what is -1000533215 - 33?
-1000533252
In base 2, what is 1001110000101100011 + -1011011?
1001110000100001000
In base 2, what is -101100011 - 10011000001101111?
-10011000111010010
In base 15, what is -246b9 + 58b?
-2412d
In base 5, what is 400201303 - 14?
400201234
In base 10, what is 18577 + 255?
18832
In base 11, what is -61739 + -95?
-61823
In base 2, what is 1100101011 - 110000101010010?
-101111000100111
In base 12, what is 4a3618 - 5?
4a3613
In base 5, what is 1210 - -14024132?
14030342
In base 3, what is 11200021111 + 12000?
11200110111
In base 2, what is -101 + 101011000000100110001?
101011000000100101100
In base 9, what is -458 - -1788185?
1787626
In base 2, what is -101100100100001110001 + 100010?
-101100100100001001111
In base 3, what is -122010221021101111 - 10?
-122010221021101121
In base 7, what is 12413434 - 10?
12413424
In base 9, what is 2 - -16646788?
16646801
In base 4, what is 310212 + 112223121?
113133333
In base 12, what is -804 + -546?
-114a
In base 10, what is -20521783 + 7?
-20521776
In base 4, what is 30201233 - -11121?
30213020
In base 6, what is 100244 - 211154?
-110510
In base 10, what is 58250742 + -5?
58250737
In base 15, what is -63a95 + -1dc?
-63c82
In base 16, what is 135cae + -2b?
135c83
In base 2, what is 1100111011110110100 - 100?
1100111011110110000
In base 15, what is -7 - 5796294?
-579629b
In base 16, what is 9 + 124ae1?
124aea
In base 7, what is -516 - -6412326?
6411510
In base 12, what is 8824b33 + -4?
8824b2b
In base 8, what is -32372441 + -16?
-32372457
In base 16, what is 83 - 1796e?
-178eb
In base 16, what is 102d5df8 - 3?
102d5df5
In base 6, what is -1534052405 - 3?
-1534052412
In base 6, what is 401 + 145331?
150132
In base 6, what is -1225 + 10241450?
10240221
In base 7, what is 41 + -33061616?
-33061545
In base 9, what is -311 + -1242833?
-1243244
In base 2, what is 10000100100101011001001 + 1111101?
10000100100101101000110
In base 14, what is 5 + -190dc59?
-190dc54
In base 8, what is -5604376 + -27?
-5604425
In base 13, what is -7 + -bb3a94?
-bb3a9b
In base 11, what is -6a + 103260?
1031a1
In base 7, what is 1160 + 421512?
423002
In base 12, what is 77b29 + 1ba?
78127
In base 12, what is -83 + -44535?
-445b8
In base 11, what is 347436912 - -3?
347436915
In base 9, what is 510860 + 680?
511650
In base 2, what is 101100110001 - -10110010111?
1000011001000
In base 5, what is 4 - -22032103?
22032112
In base 11, what is 7 - 7a1917?
-7a1910
In base 15, what is -a56a7 - a3?
-a575a
In base 11, what is -5645 + 9565?
3a20
In base 11, what is 148a - 27742?
-26263
In base 11, what is 2648 + -2796?
-149
In base 7, what is 4 + -2102661610?
-2102661603
In base 16, what is -59 + -f08d?
-f0e6
In base 15, what is 17857d - 0?
17857d
In base 15, what is 1e4819 - d?
1e480b
In base 15, what is 6e5b27c + 5?
6e5b282
In base 10, what is 1977138 + 17?
1977155
In base 11, what is 283 + 104703?
104986
In base 5, what is -343340 - -204444?
-1